 divided by g.
13
Let g(q) = 7*q + 7. Let j be g(3). Let f be (8/j)/((-4)/(-28)). Suppose f*b - 6*b + 120 = 0. What is the remainder when b is divided by 11?
8
Let s(b) = b**3 - 9*b**2 - 11*b + 12. Let p be s(10). Suppose -p = 2*y, -5*c + 2*y + 42 = -0*c. Calculate the remainder when c is divided by 6.
2
Suppose -87*c + 105*c - 252 = 0. Calculate the remainder when 60 is divided by c.
4
Let q = -90 - -140. Let o = -22 + q. Suppose 39 = 5*v - 11. Calculate the remainder when o is divided by v.
8
What is the remainder when 1101/(-1)*4/(-12) + 4 is divided by 19?
10
Suppose 0 = -0*x + 4*x - p - 51, -x + 24 = -4*p. What is the remainder when 189 is divided by x?
9
Let f = -10 - -19. Let t = 1164 - 1138. Calculate the remainder when t is divided by f.
8
Let r(k) = -4*k - 8. Let s be r(5). Let d = 35 + s. What is the remainder when 10 is divided by d?
3
Let p = -50 - -87. What is the remainder when p is divided by 10?
7
Let o(b) = b**2 - 3*b - 72. What is the remainder when 935 is divided by o(-9)?
35
Suppose 8*g - 4 = 4*g. Suppose -2*v + q = g, 9 - 2 = -2*v + 3*q. Suppose -t + v + 3 = 0. Calculate the remainder when 6 is divided by t.
2
Let k = -71 + 150. Suppose 0 = -5*t + k - 19. Calculate the remainder when 44 is divided by t.
8
Suppose 3*s + 2*a = 57, -2*s + 40 - 9 = -a. Calculate the remainder when 67 is divided by s.
16
Let j be -6 + 7 + (-3 - 0). Let c(y) = 4*y**2 - y + 1. Calculate the remainder when (-3)/5 - 183/(-5) is divided by c(j).
17
Let g = 1694 - 1517. What is the remainder when g is divided by 46?
39
Suppose -28 = 2*p + 4*a, -5*a = -4*p + p - 20. Let h = p + 15. Suppose 14 = w - q, h*q = -4*w + 61 + 31. What is the remainder when w is divided by 10?
8
Let i(c) = c**3 - 16*c**2 - 64*c + 110. Calculate the remainder when i(20) is divided by 211.
8
Let s(d) = d**2 + 12*d - 16. What is the remainder when 445 is divided by s(-19)?
94
Calculate the remainder when (-2)/((-4)/171) - (-270)/108 is divided by (-1)/2 + 141/6.
19
Suppose -2*b = 4*l - 96, -8*l + 10*l = 5*b - 288. Calculate the remainder when 555 is divided by b.
51
Let p be ((-2890)/30)/(1/3). Let a = -140 - p. What is the remainder when a is divided by 50?
49
Let w(q) = 15*q + 32. Calculate the remainder when 131 is divided by w(1).
37
Let v(m) = -4*m**2 - m + 10. Let d be v(-3). Let l(a) = 5*a + 125. Calculate the remainder when ((-6)/(-8))/((-2)/(-128)) is divided by l(d).
8
Suppose 0 = -k + z, 5*k - 5*z = -z + 3. Calculate the remainder when 135 is divided by 14 + (k - 0) - 0/2.
16
Suppose 5*r = 12*r - 1106. Calculate the remainder when r is divided by 5.
3
Let s(a) = 198*a - 513. What is the remainder when s(5) is divided by 16?
13
What is the remainder when 58 is divided by 24/(-5)*((-1040)/24)/13?
10
Let q(p) = -16*p + 3. Let f(a) = -31*a + 7. Let b(m) = 3*f(m) - 7*q(m). Let n be (-1)/8 + (-315)/(-280). Calculate the remainder when 75 is divided by b(n).
18
Suppose 5*x + 158 = -957. Let r = x - -336. What is the remainder when r is divided by 29?
26
What is the remainder when 49 is divided by 394/10 + 12/(-30)?
10
Let o(w) be the second derivative of 1/6*w**3 + 11/2*w**2 - 3*w + 0. What is the remainder when o(7) is divided by 5?
3
Suppose 12*u = 2*u + 100. Suppose 3*b = -0*l - 3*l - 24, 0 = -4*l - b - 29. Let f = l + u. Calculate the remainder when f is divided by 3.
0
Suppose 34*g = -179 + 655. Suppose -d = -0*d + 3, -4*k + 181 = d. What is the remainder when k is divided by g?
4
Let y(u) = u**3 - 15*u + 13. What is the remainder when 287 is divided by y(4)?
15
Let g be (644/21 + -2)/((-4)/6). Let w = g + 126. What is the remainder when w is divided by 14?
13
Let u(t) = -16*t + 2. Calculate the remainder when u(-2) is divided by (7 - 266/35)*(-30 - 0).
16
Suppose -10 = 3*s + 5, -4*x + 2*s = -194. What is the remainder when x is divided by 16?
14
Suppose -5381 = -44*p - 189. Suppose 0 = -2*w + w + 20. What is the remainder when p is divided by w?
18
Let b = -616 - -922. Calculate the remainder when 624 is divided by b.
12
Let a = -88 + 389. Suppose -m = 4*z - 3*m - 232, -5*z = 3*m - a. Calculate the remainder when z is divided by 16.
11
Let v = -17 - -20. Suppose 2*n + 3*w = -w + 84, -v*n + 2*w + 150 = 0. Calculate the remainder when n is divided by 17.
14
Suppose 116*h - 25 = -v + 121*h, -v + h + 21 = 0. Calculate the remainder when 68 is divided by v.
8
Let l = 180 - 104. Suppose 3*x = -x + 360. Let m = -64 + x. Calculate the remainder when l is divided by m.
24
Let f be (-1438)/(-18) - (-4)/36. Suppose -4*v = -0*v - f. Suppose 0 = -2*n + 4, -3*n - 136 = -3*u - 28. What is the remainder when u is divided by v?
18
Suppose 0 = -2*r - 6, 4*c + 3*r - 2*r = 145. Calculate the remainder when 144 is divided by (c - 2) + 7/((-35)/(-10)).
33
What is the remainder when (-2)/9 - (-15568)/72 is divided by 20?
16
Let z(l) = 95*l**2 - 13*l + 1. Calculate the remainder when z(1) is divided by 29.
25
Let a be (12/(-3) - -6)*-1. What is the remainder when a*1 + (-15 - -36) is divided by 11?
8
Suppose -8*n + 28 = -n. Calculate the remainder when 275 is divided by n.
3
Suppose 0*b - 5*b - 3*q = -266, -5*b + 287 = -4*q. Calculate the remainder when b is divided by 14.
13
Let j = 20 + -17. Suppose f + 198 = j*f + 2*o, -3*o = 5*f - 487. What is the remainder when f is divided by 16?
15
Let b be 6 + 6*6/(-9). Suppose b*r - 3*s = 33, 3*r - 53 = -0*s + s. What is the remainder when r is divided by 10?
8
Let v be 1 + (216/(-2) - -4) + 4. Let r = v - -103. Calculate the remainder when 17 is divided by r.
1
Suppose 5*l - j = 154, -4*l + 62*j = 65*j - 127. Calculate the remainder when 866 is divided by l.
29
Suppose -2*g - 8 = 0, -4*z - 4*g = -2*g - 52. Calculate the remainder when 85 is divided by z.
10
Suppose 0 = -5*a - o + 1300, 0 = 2*a + 5*o - 18 - 525. Calculate the remainder when a is divided by 66.
61
Let t(v) = 2 - 8 + 161*v - 164*v. What is the remainder when 53 is divided by t(-8)?
17
What is the remainder when (-160)/72 - -2 - 812/(-9) is divided by 13?
12
Suppose -2*q = -m + q + 11, m - 2*q = 8. Suppose -m*k - 2 = -40. What is the remainder when k is divided by 4?
3
Let b(m) = -m**3 + 6*m**2 + 6*m - 9. What is the remainder when ((-396)/77)/(1/(-14)) + 5 - 2 is divided by b(6)?
21
Suppose -5*f + 8 = -2, -5*s - f + 17 = 0. Let o be (-4)/((-8)/26) + s. Let t = o + 37. What is the remainder when t is divided by 28?
25
Let z be (4/6*1)/(10/(-615)). Let l = z + 51. Calculate the remainder when l is divided by (4/2 - -2) + 2.
4
Suppose -16 = -2*k + 2*f, -6*k = -2*k + 4*f - 40. Let m = 241 + -109. Suppose 38 + m = 5*r. What is the remainder when r is divided by k?
7
Suppose -2*t + 2*n + 4 = -10, 0 = 4*t - 2*n - 24. What is the remainder when 55 is divided by t?
0
Let f = -6 + 8. Suppose v + 4 = -f. Calculate the remainder when 40 is divided by (14 - (v - -3)) + -3.
12
Suppose 60 = c - 2*w - 22, 0 = -c + 5*w + 76. Let l = -3 - -6. Suppose -2*k + 49 = -3*z, -3*k - l*z + 124 = 28. Calculate the remainder when c is divided by k.
28
Let k = 22 + -16. Let m be 0 + 2 + -5 + k. What is the remainder when 46 is divided by m/9 + 70/6?
10
Calculate the remainder when 42 is divided by -18*(-2)/60 - (-414)/10.
0
What is the remainder when ((-30432)/384)/(-1 - (-6)/8) is divided by 40?
37
Let o(l) = -3*l**2 - 6*l - 1. Let s be o(-3). Suppose 4*r = -r + 30. Let i = r - s. Calculate the remainder when 46 is divided by i.
14
Let x(n) = -17*n + 6. Let i be x(-2). Calculate the remainder when 13 is divided by i/5 + 0/(-1).
5
Calculate the remainder when 18/(-12)*6*-7 is divided by 27.
9
Suppose 2*j = -0*j. Let x be -2 - (2 + 1 - (6 + 1)). Suppose 4*r - x*r - 12 = j. What is the remainder when 20 is divided by r?
2
Suppose 4*r - g = 404, -192 = -5*r + g + 313. Let i(c) = c**3 + 2*c**2 - 28*c - 31. What is the remainder when r is divided by i(-5)?
33
What is the remainder when 189 is divided by 190 + -184 - (1 - 10)?
9
Suppose 3*y - 85 = -4*t + 207, -203 = -2*y - t. Suppose y = 4*u - 0*u. Calculate the remainder when 75 - 0*(7 - 261/36) is divided by u.
23
Suppose -23*n + 18*n = 5. What is the remainder when (n - -98) + 1 + (-1 - 1) is divided by 7?
5
Let z be (13 - 1)*(-2)/3. Let j = 3 - z. Let h = -25 - -79. What is the remainder when h is divided by j?
10
Let u = -2207 - -2345. Calculate the remainder 